{"id":28564,"date":"2025-05-23T13:30:55","date_gmt":"2025-05-23T13:30:55","guid":{"rendered":"https:\/\/www.ofismer.com\/?post_type=product&#038;p=28564"},"modified":"2025-10-08T09:33:40","modified_gmt":"2025-10-08T09:33:40","slug":"melis-uclu-kanepe","status":"publish","type":"product","link":"https:\/\/aslanofis.com\/index.php\/urun\/melis-uclu-kanepe\/","title":{"rendered":"Melis \u00fc\u00e7l\u00fc kanepe"},"content":{"rendered":"","protected":false},"excerpt":{"rendered":"","protected":false},"featured_media":29915,"comment_status":"open","ping_status":"closed","template":"","meta":[],"product_brand":[],"product_cat":[117],"product_tag":[404],"class_list":{"0":"post-28564","1":"product","2":"type-product","3":"status-publish","4":"has-post-thumbnail","6":"product_cat-urunler","7":"product_tag-melis-uclu-kanepe","9":"first","10":"instock","11":"taxable","12":"shipping-taxable","13":"purchasable","14":"product-type-variable"},"_links":{"self":[{"href":"https:\/\/aslanofis.com\/index.php\/wp-json\/wp\/v2\/product\/28564","targetHints":{"allow":["GET"]}}],"collection":[{"href":"https:\/\/aslanofis.com\/index.php\/wp-json\/wp\/v2\/product"}],"about":[{"href":"https:\/\/aslanofis.com\/index.php\/wp-json\/wp\/v2\/types\/product"}],"replies":[{"embeddable":true,"href":"https:\/\/aslanofis.com\/index.php\/wp-json\/wp\/v2\/comments?post=28564"}],"version-history":[{"count":1,"href":"https:\/\/aslanofis.com\/index.php\/wp-json\/wp\/v2\/product\/28564\/revisions"}],"predecessor-version":[{"id":29916,"href":"https:\/\/aslanofis.com\/index.php\/wp-json\/wp\/v2\/product\/28564\/revisions\/29916"}],"wp:featuredmedia":[{"embeddable":true,"href":"https:\/\/aslanofis.com\/index.php\/wp-json\/wp\/v2\/media\/29915"}],"wp:attachment":[{"href":"https:\/\/aslanofis.com\/index.php\/wp-json\/wp\/v2\/media?parent=28564"}],"wp:term":[{"taxonomy":"product_brand","embeddable":true,"href":"https:\/\/aslanofis.com\/index.php\/wp-json\/wp\/v2\/product_brand?post=28564"},{"taxonomy":"product_cat","embeddable":true,"href":"https:\/\/aslanofis.com\/index.php\/wp-json\/wp\/v2\/product_cat?post=28564"},{"taxonomy":"product_tag","embeddable":true,"href":"https:\/\/aslanofis.com\/index.php\/wp-json\/wp\/v2\/product_tag?post=28564"}],"curies":[{"name":"wp","href":"https:\/\/api.w.org\/{rel}","templated":true}]}}